e prime factors of j?
2
Suppose 2*f + 7 = 25. List the prime factors of f.
3
Let w(b) = b**2 + 11*b - 4. Let l be w(-6). Let a = -22 - l. List the prime factors of a.
2, 3
List the prime factors of 1 + 2 + 0 + 78.
3
Let s(g) = -g**2 + 3*g + 144. What are the prime factors of s(0)?
2, 3
What are the prime factors of (-12)/84 - (-2 + 351/(-7))?
2, 13
Let z(i) = -5*i - 4. Let h = -13 + 8. What are the prime factors of z(h)?
3, 7
Suppose -u = -3 - 52. Suppose -29 = -3*v + u. What are the prime factors of v?
2, 7
Let x be (-120)/(-28) + 4/(-14). List the prime factors of 172/22 - x/(-22).
2
Let q(b) = -b + 4. Let h be q(2). Suppose -5*v = -h - 8. What are the prime factors of v?
2
Let x be (0/3 - 1)*-38. Suppose q - 17 = -6*p + p, -3*q - 2*p = -x. Suppose q = -2*m + 5*m. List the prime factors of m.
2
Let b be 5/2 - (-2)/4. Suppose p = -b*p + 84. What are the prime factors of p?
3, 7
Let g = 141 + 38. What are the prime factors of g?
179
Suppose 0*u = -4*u + 12. Suppose 0 = -5*s - 5*n + 85, -11 = -u*s + 5*n + 32. List the prime factors of s.
2
Let z(l) be the second derivative of -3/4*l**4 + 0 - l - 7/2*l**2 - 1/20*l**5 + 3/2*l**3. List the prime factors of z(-10).
3
Let i = 127 - 85. Let y = i + -23. List the prime factors of y.
19
Suppose -5*y + 64 = -6. What are the prime factors of y?
2, 7
Let m(w) = w + 4. Suppose 3*g + 5*f + 7 = 0, -2*f - 3 - 15 = 5*g. Let y be m(g). Suppose y = -4*o - j + 26, 0*o + 2 = 2*o - 5*j. List the prime factors of o.
2, 3
Let i(u) = -33*u + 1. List the prime factors of i(-3).
2, 5
Let n = -1 + 3. Suppose 5*r + 2*m = -2*m + n, 0 = 5*r + m - 8. Suppose a - r - 6 = 0. List the prime factors of a.
2
Suppose 118 = 5*o - 22. List the prime factors of o.
2, 7
Suppose 3*g + 2*z - 95 = 0, -4*g - z + 108 = -3*z. What are the prime factors of g?
29
Suppose -2*t - 32 = 2*t. Let y be 4/t + (-2)/(-4). Let p = y + 3. List the prime factors of p.
3
Suppose 8 = 3*c - 7. Suppose 4*s = -77 - 43. List the prime factors of (1/(-3))/(c/s).
2
Suppose 3*r = 2*d + d + 273, -12 = -4*d. List the prime factors of r.
2, 47
Let z(o) = -o - o**2 - 5*o**2 + 5*o**2. Let x be z(-2). Let l = x - -4. List the prime factors of l.
2
Let r(p) = -p**3 - 2*p**2 - 3*p - 1. What are the prime factors of r(-3)?
17
Suppose n = -2*p - 3, 3*n - 26 = 3*p + 10. Suppose -2*u = -n - 3. Suppose 15 = u*y - 10. What are the prime factors of y?
5
Suppose -y + 5 = -12. What are the prime factors of y?
17
Let x be (-7)/(-2) - 1/(-2). Suppose -28 = -0*p - 4*p + x*v, 0 = -2*p - v + 11. List the prime factors of p.
2, 3
List the prime factors of (-4)/2 + 1 + 31.
2, 3, 5
What are the prime factors of (3 + (73 - -3))*2?
2, 79
List the prime factors of (240 - (5 - 1)) + -1 + 3.
2, 7, 17
Suppose 2*n - 46 - 42 = 0. List the prime factors of n.
2, 11
Let f(c) = -21*c**3 + 3*c**2 - c. Let m be f(1). What are the prime factors of 57/m*44/(-6)?
2, 11
Let c = -11 + -1. Let j = -3 - c. What are the prime factors of j?
3
Suppose -2 = -3*r + 4. Suppose -r*x + 22 = c - 23, 0 = -3*x + 4*c + 62. Let m = 38 - x. List the prime factors of m.
2
Let g be 4 - (-4)/((-6)/3). List the prime factors of g*(82/(-4))/(-1).
41
Let x(y) = -2*y**3 + 2*y**2 + 3*y + 1. Suppose 2*c - w - 1 = 0, -4*c + 4*w + 7 = 3. Suppose -o - 4*r - 14 = -c*o, o + 11 = -3*r. List the prime factors of x(o).
19
List the prime factors of 350 + ((4 - 2) + 0)*2.
2, 3, 59
Suppose u - 6*u + 2*h + 56 = 0, 4*h + 12 = 0. Let x be u/25 + (-6)/(-10). What are the prime factors of (x - 0)/((-4)/(-48))?
2, 3
Let y(l) = l**3 + 15*l**2 - 23*l - 4. What are the prime factors of y(-16)?
2, 3
Let m = 8 - 10. Let g be 8/1 - (-3 - m). Suppose 0 = 4*n + 16, 4*c - g = 4*n + 51. List the prime factors of c.
11
Let b be 5 + 0 - (-5 - -5). Suppose b*v = -5*r + 25, -v - 2*r = 3*r + 7. What are the prime factors of v?
2
Let l = -6 + 6. Suppose 100 = 5*b - l*b. List the prime factors of b.
2, 5
Let t be (0 - -2)*(2 - 31). Let i = t - -109. List the prime factors of i.
3, 17
Let r = -62 + 113. List the prime factors of r.
3, 17
List the prime factors of (28/35)/((-4)/(-70)).
2, 7
Suppose 0 = -4*i + 285 - 9. List the prime factors of i.
3, 23
Let s(x) = -x**3 - x + 7. Let d be s(0). Let c(p) = p + 6. What are the prime factors of c(d)?
13
Suppose -u + 14 = -2*n, -5*u - 3*n = -79 - 17. Suppose 3*z = c + u, 2*c - 22 = -2*z + 6*c. List the prime factors of z.
5
Let m(v) = v**2 - 5*v - 6. Let j be m(5). Let t = 8 + j. List the prime factors of (30/(-4) + t)*-2.
11
Let w = 121 + 6. What are the prime factors of w?
127
List the prime factors of (1 - 6) + 3 - -29.
3
Suppose 0 = 3*z - 19 + 1. What are the prime factors of z?
2, 3
Suppose 8*j - 21 = 5*j. Suppose -j*t - 144 = -3*y - 2*t, -y - 4*t = -48. What are the prime factors of y?
2, 3
Let z(w) be the first derivative of 2*w + 1 - 1/2*w**2 + 1/4*w**4 + w**3. What are the prime factors of z(-3)?
5
Let m = -204 + 437. List the prime factors of m.
233
Let g(k) be the third derivative of -k**6/120 - 11*k**5/60 - k**4/24 + 2*k**3 - 4*k**2. List the prime factors of g(-11).
23
Let h(d) = 51*d**3 - d**2 + 3*d + 3. What are the prime factors of h(2)?
7, 59
Let m(u) = 2*u - 9. List the prime factors of m(6).
3
Let m = 1 + -7. List the prime factors of m/2 + -6 + 51.
2, 3, 7
Let l(f) be the second derivative of f**5/60 - f**4/24 - f**3/6 + 3*f. Let h(t) be the second derivative of l(t). What are the prime factors of h(5)?
3
Let s(w) = w**2 - 6*w + 14. List the prime factors of s(-6).
2, 43
Let c = -8 - -8. Let f(i) = -i + 4. What are the prime factors of f(c)?
2
Let u = -11 - 41. Let z = u + 103. List the prime factors of z.
3, 17
Suppose -d = d - 194. List the prime factors of d.
97
Suppose 0 = 4*j + 4*y + 20, -y - 2*y = -2*j + 10. Let i = j + 5. List the prime factors of i.
2
Let z be 7 - (-2)/2 - 2. Let d(k) = 2 + k**2 - 3*k - 3 + 5 - k. List the prime factors of d(z).
2
Let m be 9/(9/12*2). Let f(h) = h**3 - 6*h**2 + 5. Let g be f(m). Suppose s - g*s = -16. What are the prime factors of s?
2
Let s(t) = t. Let z be s(1). Suppose z = 2*q - 5. Suppose -q*y - u + 2 = 0, u = -y + 3*u + 10. List the prime factors of y.
2
Let f(p) be the second derivative of p**5/20 - p**3/2 + p**2/2 - p. Let q(j) = -j**2 - j + 2. Let w be q(0). List the prime factors of f(w).
3
Let a be (7/21)/((-2)/(-570)). Suppose 4*n - 3*n + 2*w - 28 = 0, 0 = -5*n + 5*w + a. List the prime factors of n.
2, 11
Let b be 4*(-5 + 2 + 4). Suppose 5*f + b - 14 = -c, 5*f + 20 = 2*c. What are the prime factors of c?
2, 5
Let x be (-1752)/(-32) + 1/4. List the prime factors of x/(-2)*(-12)/15.
2, 11
Suppose -2*k + 6 = 2*o, -o + 0*o - 2*k = -4. Suppose 6*r = o*r + 48. What are the prime factors of r?
2, 3
What are the prime factors of (-1848)/(-8)*(-1)/(-3)?
7, 11
Let q(m) = -4*m - 11. What are the prime factors of q(-14)?
3, 5
Let u = -46 - -66. Let m = -11 + u. What are the prime factors of m?
3
Let r(o) = -o**3 + 6*o**2 - 4*o - 3. Let p be r(5). Suppose 5*n - 18 = p*n. What are the prime factors of n?
2, 3
Let f(d) = 5*d - 23. What are the prime factors of f(10)?
3
Suppose 2*f - 3*d = -d - 2, 1 = 2*f + d. Suppose u = 3*l - 2*u - 24, -5*u + 10 = f. List the prime factors of l.
2, 5
Let k(a) = 28*a + 49. What are the prime factors of k(4)?
7, 23
Let i = 6 - -3. Suppose -3*r + 12 = -3*b, 5 = 5*b - 0*b. Suppose -r*z = -24 + i. List the prime factors of z.
3
Let y be 4/10 - 12/(-20). Suppose -b + 2*j + 0 - y = 0, 0 = 4*b - 2*j - 14. List the prime factors of b.
5
Let s = -3 - -4. Let v(h) = 8*h + s + 7*h**2 + 7 - h**3 + 2. What are the prime factors of v(8)?
2, 5
Suppose 409 = 7*f + 66. List the prime factors of f.
7
Let j(p) = 6*p**2 - 1. Let i be j(-1). Suppose 28 = -f + i*f. What are the prime factors of f?
7
Suppose 0 = -v + 3*o - 13, -3*o + 10 = 4*v - 13. Suppose 5*i - 2*i = -2*s + 6, 4*s = -i + v. List the prime factors of i.
2
Let g(w) = w**3 + 3*w**2 - 5*w - 2. Let q be g(-4). Let y = 18 - q. List the prime factors of y.
2
Suppose -3*l + 4 = -5. Suppose l*v + 4*f = 145, 5*v - f - 115 - 96 = 0. What are the prime factors of v?
43
What are the prime factors of ((-32)/(-20))/(4/160)?
2
Suppose -3*q - 66 = -5*q. List the prime factors of q.
3, 11
Let c(t) = 4 - 3*t - 5 + 2*t. Let u be c(2). Let g = 8 + u. List the prime factors of g.
5
Suppose -34 = -7*o 